 is the units digit of 619327?
7
What is the ten thousands digit of 40359311?
5
What is the ten thousands digit of 1636048?
3
What is the tens digit of 351?
5
What is the thousands digit of 830649?
0
What is the hundreds digit of 3762166?
1
What is the millions digit of 1769830?
1
What is the millions digit of 7378915?
7
What is the hundred thousands digit of 656584?
6
What is the ten thousands digit of 586197?
8
What is the tens digit of 1851388?
8
What is the hundreds digit of 264338?
3
What is the ten thousands digit of 30877?
3
What is the ten thousands digit of 243027?
4
What is the ten thousands digit of 237355?
3
What is the hundreds digit of 741056?
0
What is the thousands digit of 472263?
2
What is the thousands digit of 73535?
3
What is the thousands digit of 350052?
0
What is the hundreds digit of 162477?
4
What is the hundreds digit of 142938?
9
What is the units digit of 538970?
0
What is the tens digit of 8225725?
2
What is the hundred thousands digit of 2719776?
7
What is the ten thousands digit of 665198?
6
What is the thousands digit of 2475536?
5
What is the millions digit of 3308378?
3
What is the units digit of 4459607?
7
What is the units digit of 11467759?
9
What is the ten thousands digit of 762747?
6
What is the hundreds digit of 97583?
5
What is the hundreds digit of 6802143?
1
What is the thousands digit of 8399639?
9
What is the thousands digit of 727392?
7
What is the hundred thousands digit of 1095519?
0
What is the units digit of 2282855?
5
What is the ten thousands digit of 753921?
5
What is the hundred thousands digit of 279871?
2
What is the tens digit of 5114563?
6
What is the thousands digit of 7723929?
3
What is the millions digit of 18031181?
8
What is the millions digit of 7527495?
7
What is the ten thousands digit of 359888?
5
What is the hundreds digit of 9111786?
7
What is the tens digit of 872335?
3
What is the units digit of 3118855?
5
What is the thousands digit of 1214129?
4
What is the hundreds digit of 658193?
1
What is the hundred thousands digit of 5904990?
9
What is the tens digit of 1774839?
3
What is the hundreds digit of 3231436?
4
What is the ten thousands digit of 3068701?
6
What is the hundreds digit of 272017?
0
What is the units digit of 7967782?
2
What is the ten thousands digit of 641328?
4
What is the units digit of 722828?
8
What is the millions digit of 22089475?
2
What is the hundreds digit of 793279?
2
What is the units digit of 615205?
5
What is the units digit of 14499968?
8
What is the hundreds digit of 711961?
9
What is the hundred thousands digit of 545409?
5
What is the ten thousands digit of 4993564?
9
What is the tens digit of 13507634?
3
What is the units digit of 580103?
3
What is the hundreds digit of 396150?
1
What is the tens digit of 832691?
9
What is the units digit of 22048867?
7
What is the tens digit of 11853?
5
What is the millions digit of 2926470?
2
What is the hundreds digit of 1832939?
9
What is the tens digit of 10382621?
2
What is the thousands digit of 25210?
5
What is the millions digit of 1750659?
1
What is the thousands digit of 558436?
8
What is the hundreds digit of 1519456?
4
What is the thousands digit of 2770421?
0
What is the thousands digit of 264522?
4
What is the thousands digit of 160046?
0
What is the millions digit of 7125917?
7
What is the tens digit of 1738079?
7
What is the millions digit of 3249156?
3
What is the ten thousands digit of 50396?
5
What is the millions digit of 7717450?
7
What is the thousands digit of 9355012?
5
What is the hundreds digit of 308062?
0
What is the hundred thousands digit of 442225?
4
What is the ten millions digit of 16979577?
1
What is the hundreds digit of 1627625?
6
What is the hundreds digit of 922286?
2
What is the millions digit of 1804999?
1
What is the hundreds digit of 131?
1
What is the ten thousands digit of 6005024?
0
What is the tens digit of 1923462?
6
What is the tens digit of 81134?
3
What is the units digit of 425842?
2
What is the units digit of 461151?
1
What is the hundred thousands digit of 1197051?
1
What is the tens digit of 618611?
1
What is the ten thousands digit of 377979?
7
What is the thousands digit of 20057100?
7
What is the thousands digit of 209061?
9
What is the millions digit of 2299024?
2
What is the thousands digit of 528540?
8
What is the units digit of 285341?
1
What is the millions digit of 7014358?
7
What is the tens digit of 142714?
1
What is the ten thousands digit of 3734180?
3
What is the ten millions digit of 20377023?
2
What is the hundred thousands digit of 2506798?
5
What is the units digit of 168619?
9
What is the units digit of 560627?
7
What is the hundred thousands digit of 203328?
2
What is the hundred thousands digit of 967603?
9
What is the thousands digit of 179396?
9
What is the thousands digit of 1012336?
2
What is the units digit of 8158897?
7
What is the thousands digit of 389178?
9
What is the hundred thousands digit of 18982629?
9
What is the tens digit of 1052906?
0
What is the units digit of 153293?
3
What is the thousands digit of 27336824?
6
What is the ten thousands digit of 274086?
7
What is the thousands digit of 1335756?
5
What is the millions digit of 3237811?
3
What is the hundred thousands digit of 29822230?
8
What is the units digit of 186967?
7
What is the hundreds digit of 661192?
1
What is the units digit of 274317?
7
What is the ten thousands digit of 3683219?
8
What is the ten millions digit of 22657671?
2
What is the ten millions digit of 16228475?
1
What is the hundred thousands digit of 278702?
2
What is the units digit of 5361331?
1
What is the hundred thousands digit of 280684?
2
What is the units digit of 11587368?
8
What is the millions digit of 9078777?
9
What is the tens digit of 4295427?
2
What is the hundreds digit of 113772?
7
What is the tens digit of 75904?
0
What is the thousands digit of 23028389?
8
What is the hundreds digit of 290107?
1
What is the hundred thousands digit of 10438994?
4
What is the units digit of 2541221?
1
What is the thousands digit of 2507419?
7
What is the tens digit of 1908433?
3
What is the ten thousands digit of 5848245?
4
What is the hundreds digit of 393779?
7
What is the ten thousands digit of 3355942?
5
What is the tens digit of 8447841?
4
What is the tens digit of 292858?
5
What is the ten thousands digit of 30952147?
5
What is the units digit of 8705291?
1
What is the ten thousands digit of 1348223?
4
What is the units digit of 651405?
5
What is the hundreds digit of 2349539?
5
What is the hundreds digit of 1031230?
2
What is the tens digit of 6048510?
1
What is the hundreds digit of 1223645?
6
What is the units digit of 6148993?
3
What is the units digit of 30294825?
5
What is the thousands digit of 678683?
8
What is the hundreds digit of 472111?
1
What is the ten thousands digit of 5130083?
3
What is the hundreds digit of 1545269?
2
What is the tens digit of 30642?
4
What is the units digit of 425576?
6
What is the tens digit of 364453?
5
What is the units digit of 1310501?
1
What is the thousands digit of 185897?
5
What is the tens digit of 2691448?
4
What is the hundred thousands digit of 140333?
1
What is the hundreds digit of 195495?
4
What is the ten millions digit of 39056193?
3
What is the ten thousands digit of 36241?
3
What is the units digit of 339814?
4
What is the units digit of 243091?
1
What is the hundred thousands digit of 5739176?
7
What is the hundreds digit of 1939742?
7
What is the hundreds digit of 3063795?
7
What is the thousands digit of 794543?
4
What is the units digit of 4562172?
2
What is the hundreds digit of 23108769?
7
What is the units digit of 1399194?
4
What is the thousands digit of 1504893?
4
What is the hundred thousands digit of 14973339?
9
What is the ten thousands digit of 11735348?
3
What is the hundred thousands digit of 4001142?
0
What is the hundreds digit of 9201004?
0
What is the hundreds digit of 6183050?
0
What is the tens digit of 46492?
9
What is the ten thousands digit of 12390369?
9
What is the tens digit of 6419?
1
What is the units digit of 86171?
1
What is the thousands digit of 809735?
9
What is the ten thousands digit of 18582290?
8
What is the thousands digit of 585105?
5
What is the tens digit of 290973?
7
What is th